*b + 3*i + 9. What is the remainder when 19 is divided by b?
5
Let z = 3 - 0. Suppose z*v - 2*o + 25 = 0, -v + 4*o - o + 1 = 0. Let b = 21 + v. Calculate the remainder when 28 is divided by b.
8
Suppose -3*b - 3*c = -5*c - 14, -5*b + 2*c = -26. What is the remainder when 35 is divided by b?
5
Suppose -12*o + 100 = -7*o. Calculate the remainder when 38 is divided by o.
18
Let f = -11 - -4. Let t = 61 + -61. What is the remainder when 15 is divided by (f + t + 3)*-2?
7
Let v be ((-2)/(-5))/((-6)/30). What is the remainder when 34 is divided by v/(-3) - 75/(-9)?
7
Let t(d) = -d**2 + 7*d. What is the remainder when (4 - -1)*5 - (-6)/2 is divided by t(5)?
8
Suppose 0 = 2*a - 0*a - 6. Suppose -a*g + 203 = 11. Suppose -7*r + g = -3*r. Calculate the remainder when 29 is divided by r.
13
Suppose 0 = -16*u - 192 + 576. Calculate the remainder when 67 is divided by u.
19
Let z(c) = -5*c + 5 + 5 + 6*c. Let w(r) = -2*r - 2. Let u be w(3). What is the remainder when 5 is divided by z(u)?
1
Let i = 8 + 5. Let c = 117 + -68. What is the remainder when c is divided by i?
10
Let n(h) = -h**3 + 3*h**2 + 3*h + 4. Calculate the remainder when n(-3) is divided by 11.
5
Let f(p) = p**3 + 5*p**2 + 3*p + 4. What is the remainder when 29 is divided by f(-4)?
5
Calculate the remainder when ((-132)/48)/(2/(-24)) is divided by 18.
15
Suppose 3*l + 4 = a - 6, -5*l - 6 = a. Calculate the remainder when 6 is divided by a.
2
What is the remainder when 424/10 - (-6)/(-15) is divided by 15?
12
Suppose 40 = 8*v - 4*v. Suppose 2*r - 7*r = -v. What is the remainder when 2 is divided by r?
0
Suppose -2*c + 3 + 3 = 0. Let o be 1/c - (-266)/3. Suppose 0 = 5*t - 4*u - 112, -2*t = 2*t - 3*u - o. What is the remainder when t is divided by 11?
9
Calculate the remainder when 20 is divided by 2/4 - (-42)/4.
9
Suppose 2*u = -3*u + 70. Calculate the remainder when (-8)/(-60) + (-388)/(-15) is divided by u.
12
Let p(u) = -u**2 - 18*u - 16. Let y(j) = -j**2 - 19*j - 17. Let m(g) = 5*p(g) - 4*y(g). What is the remainder when m(-12) is divided by 8?
4
Let x = 54 + -46. Let o = 2 - 0. Suppose -3*n + o*i = -2*i - 41, 2*i = -5*n + 77. Calculate the remainder when n is divided by x.
7
What is the remainder when 27 is divided by ((-9)/(-4))/((-4)/(-16))?
0
Let a = -108 - -206. Calculate the remainder when a is divided by 17.
13
Let v = 7 + 3. What is the remainder when 18 is divided by v?
8
Let h(n) = -n**2 + 2*n + 3. Let u be h(4). Let x = 13 + u. What is the remainder when 29 is divided by x?
5
Let c(s) = -s**3 - 1. Let l(h) = 2*h**3 - 12*h**2 - 14*h - 13. Let d(o) = 3*c(o) + l(o). Calculate the remainder when d(-11) is divided by 5.
2
Suppose -5*d - 210 = -10*d. Calculate the remainder when d is divided by 22.
20
Let q = -56 - -84. Let y = 78 - q. Calculate the remainder when y is divided by 17.
16
Let o(g) = -6*g - 11. Calculate the remainder when o(-6) is divided by 7.
4
Let o(u) = u**2 - 4*u + 7. What is the remainder when o(-4) is divided by 14?
11
Suppose 4*d = -0*d + 4*j + 96, 2 = -2*j. Let c = 111 + d. Suppose -10 = -4*w + c. Calculate the remainder when w is divided by 19.
17
Suppose d - 3*o - 13 = 3, -2*d - 2*o = -16. What is the remainder when 117 is divided by d?
7
Let b(y) = -y**3 - y**2 + 4. Let t(i) = -i + 3. Let q be t(6). What is the remainder when ((-11)/q)/((-4)/(-12)) is divided by b(0)?
3
Let l be (-27)/(-6)*(-1 - -7). Suppose 7*p - l = 2*p - 3*o, -5*o + 1 = p. What is the remainder when 14 is divided by p?
2
What is the remainder when 3/(100/96 + -1) is divided by 38?
34
Suppose 0*l - 3*l = -36. Let g(u) = u - 10. Let z be g(l). Suppose -z*y - y = -147. Calculate the remainder when y is divided by 17.
15
Suppose 50 = -3*a + 8*a. Let y = -7 + a. Let o(m) = 5*m**2 - m - 1. What is the remainder when o(-1) is divided by y?
2
Let c = 280 - 127. What is the remainder when c is divided by 31?
29
Let b(w) = w**2 + w + 7. Let i be b(0). Let z = 24 - i. What is the remainder when z is divided by 5?
2
Let y = 19 - -7. What is the remainder when y is divided by 1/((-2)/14)*(-8)/8?
5
Suppose -p + 18 = 2*p. Suppose -4*b + 80 = 4*r, -2*b + r = p*r - 46. What is the remainder when b is divided by 5?
3
Let d(p) = p**2 + 2*p - 14. What is the remainder when 125 is divided by d(5)?
20
Let u = 26 + 179. What is the remainder when u is divided by 71?
63
Let q(z) = z**2 + z. Suppose -2*v - 2*j = 2, -4*j - j - 8 = 2*v. What is the remainder when (2 + -2)/(-3) + 2 is divided by q(v)?
0
Let v = 12 + -2. Suppose 59 = 3*m - v. Suppose -3 = 5*a - m. Calculate the remainder when 6 is divided by a.
2
Let s = 1 - -4. Suppose 5*g + 27 = -s*c - 3, -c = -3*g - 6. Let q(y) = y**2 + y - 3. Calculate the remainder when 5 is divided by q(g).
2
Suppose -17 = -a + 3*z, 5*a - 2*a = 5*z + 39. Let w = -48 + a. Let b = w - -66. What is the remainder when b is divided by 14?
12
Let y be 4/6*(-36)/8. Let t(i) = -3*i**3 - 4*i**2 - 2*i - 1. Calculate the remainder when t(y) is divided by 13.
11
What is the remainder when (-9)/6 - 270/(-4) is divided by 23?
20
Suppose 0 = -z + 65 + 16. Suppose 30 = 3*s - z. What is the remainder when s is divided by 13?
11
Let w = 65 - 37. Suppose -22*c + 18*c = -60. Calculate the remainder when w is divided by c.
13
Let j = -48 - -94. What is the remainder when j is divided by 12?
10
Let h(l) = l**2 + 17*l - 1. Let w be h(-8). Let s = 118 + w. What is the remainder when s is divided by 16?
13
Let b = -13 - -20. Suppose -b*h + 12 = -3*h. What is the remainder when h is divided by 6*(-1)/(1 - 4)?
1
Let d be ((-1)/2)/((-1)/14). Let y = 0 + d. What is the remainder when 19 is divided by y?
5
Suppose 0 = -f - 2*f + 306. Suppose 0 = -5*x + 268 + f. What is the remainder when x is divided by 25?
24
Let l = 6 - 3. What is the remainder when (12/10)/((-4)/(-30)) is divided by l?
0
Suppose 0 = -7*j + 2*j + p + 9, -3*j + 4*p + 2 = 0. What is the remainder when 7 is divided by j?
1
Let z(d) = d**2 - 8*d - 1. Let k be z(8). Let a = 7 + k. Suppose 25 = 2*p - w - 2, -3*p = 5*w - 73. Calculate the remainder when p is divided by a.
4
Let p = 65 - 37. Let u = p + -16. What is the remainder when 34 is divided by u?
10
Let u = -5 - -7. Suppose -u*j - 3*j = -50. What is the remainder when 28 is divided by j?
8
Let n(y) = -y**3 + y**2 + 3*y + 9. Calculate the remainder when 132 is divided by n(0).
6
Let q be (-2 + 1)/((-2)/(-8)). What is the remainder when 12 is divided by (-14)/(-1)*q/(-8)?
5
Let g = 86 - 51. Suppose 4*b - 2 - 22 = 0. Suppose -5*n = -96 + b. What is the remainder when g is divided by n?
17
Let x = -11 - -27. Let g = 0 + 29. What is the remainder when g is divided by x?
13
Let x(o) = -o**3 - o + 9. Calculate the remainder when x(0) is divided by 5.
4
Suppose 0 = -5*d + 363 - 98. What is the remainder when d is divided by 14?
11
Suppose 2*u - 2*k - 28 = 0, -u - 3*k - 64 = -6*u. Suppose -q = 2*m - 4 - 3, -4*m + 3*q = -39. What is the remainder when u is divided by m?
5
Suppose -5*s = -2*s - 2*f - 224, -3*s - 5*f = -217. Let o(k) = k**2 + 5*k - 17. What is the remainder when s is divided by o(-9)?
17
Let s = -1 + 4. Suppose -s*o + 75 = 3*j, 4*o - o - 75 = 3*j. Calculate the remainder when o is divided by 9.
7
Let d(k) = -41*k - 1. Suppose -2 = 5*p - 3*p. Let f be d(p). Suppose 0*r = -a - 2*r, 2*r = 4*a - f. What is the remainder when 23 is divided by a?
7
Let s be 5/(-10) - 101/(-2). Suppose 0 = -z - 0*l - 3*l + 43, -z = -4*l - s. Calculate the remainder when z is divided by 16.
14
Suppose 2*c = 42 + 20. What is the remainder when 123 is divided by c?
30
Suppose -5*w - 340 = -7*w. Calculate the remainder when w is divided by 43.
41
Let n = 108 + -55. What is the remainder when n is divided by 19?
15
Suppose c = -3*c + 24. Suppose 0 = -m + 9*m - 344. Suppose h + 67 = c*h - 3*d, -3*h + m = d. Calculate the remainder when 53 is divided by h.
11
Calculate the remainder when 63 is divided by (-4 - 0)/(2 - (-96)/(-44)).
19
Let q(x) = -x**2 - 11*x - 5. Suppose 8 = 8*t - 584. What is the remainder when t is divided by q(-6)?
24
Let j(p) be the second derivative of 4*p**3/3 - 7*p**2/2 - 3*p. What is the remainder when j(5) is divided by 17?
16
Suppose 0 = 3*a - 2*a - 33. Let q = a + -19. What is the remainder when q is divided by 8?
6
Let w(u) = -u**3 + 6*u**2 - 3*u + 7. Suppose 3*m = -m + 36. Calcula